 4*j**2 + 6*j**3 - j**2. List the prime factors of g(-5).
19
Let m(v) = -v**3 + 14*v**2 - 26*v + 8. Let r(l) = l**3 + 15*l**2 + 12*l - 17. Let d be r(-14). What are the prime factors of m(d)?
5, 17
Let c = -173 + 498. List the prime factors of c.
5, 13
What are the prime factors of (-2 + -1)/(-2 - 522/(-262))?
3, 131
Suppose 0 = -4*a + 2220 + 2640. List the prime factors of a.
3, 5
Let d be 2/15 + (-928)/(-240). Suppose -d*f = 25 - 1. Let m = 12 + f. What are the prime factors of m?
2, 3
Let s(p) = p**3 - p**2 - 6*p + 4. Let o be s(-3). List the prime factors of (63/o)/((-3)/36).
2, 3
Suppose 2*r - s - 644 = 0, -4*s - 219 + 1163 = 3*r. List the prime factors of r.
2, 5
Let u(q) = -38*q + 12. Let z(p) = p - 1. Let o(i) = 3*u(i) + 42*z(i). What are the prime factors of o(-4)?
2, 3, 47
Suppose 0 = j - 5*j - 5*m - 847, -m = -5. Let b = j - -352. List the prime factors of b.
2, 67
Let p = -1189 + 3414. What are the prime factors of p?
5, 89
Let g = -6201 + 9119. What are the prime factors of g?
2, 1459
Suppose -3*m - 6 = 0, -m = 3*p + 3*m + 2. Suppose 3*s + 117 = 5*q + 2*s, -2*s + 42 = p*q. What are the prime factors of q?
23
Let n = 366 - 233. Let l = 191 - n. List the prime factors of l.
2, 29
Let k be (-3)/(18/276*(-2)/(-4)). Let x = 29 - k. List the prime factors of x.
11
Suppose -4*y + 22 = j, -j + 5*y = -5*j + 44. List the prime factors of (-4*(-15)/5)/(j/52).
2, 13
Let f(i) = 2*i**3 + 6*i**2 + 2*i - 9. Let a be f(-5). Let u = a + 420. List the prime factors of u.
7, 43
Let u be 7/(-21) - 32/(-6). Suppose 0 = u*h - 290 + 5. List the prime factors of h.
3, 19
Let j(v) = -2*v - 14. Let p(u) = -2*u**2 + 4*u - 4. Let g be p(3). Let h be j(g). What are the prime factors of 7/3 - (-4)/h?
3
Let a(n) = -2*n**2 + n. Suppose -h + 4*x - 19 = 0, -5*h - 4*x + 10 = -3*x. Let c be a(h). List the prime factors of -3 + 2 + (c - -4).
2
Let m = 25 + -16. Let b(i) be the first derivative of i**4/4 - 10*i**3/3 + 8*i**2 + 7*i + 17. What are the prime factors of b(m)?
2, 5, 7
Let f be (-2 + 5 - 3)/(-2). Suppose -5*l + 107 + 138 = f. What are the prime factors of l?
7
Suppose u - 6*u = 5*n - 3290, 3291 = 5*u + 4*n. List the prime factors of u.
659
What are the prime factors of 3/9*122*(-558)/(-12)?
31, 61
Let w be 2159/6 - (1 - 28/24). Suppose 0 = 5*u - 2*u - w. List the prime factors of u.
2, 3, 5
Suppose 2*r - 1686 = 2*n, 5*r + 2*n - 4255 = -3*n. What are the prime factors of r?
7, 11
Let u be (-8)/(-14) + 31/7. Suppose 0 = -u*q + q + 100. Let k = 29 + q. What are the prime factors of k?
2, 3
Suppose 47 = -2*z + 79. Let o(p) = p**3 - 15*p**2 - 8*p + 14. List the prime factors of o(z).
2, 71
Let p = 82 - -1694. What are the prime factors of p?
2, 3, 37
Let o(d) = -d**2 + 34*d. List the prime factors of o(15).
3, 5, 19
Let z(y) = y**3 - 14*y**2 - 36*y + 34. What are the prime factors of z(20)?
2, 857
Let h(u) = u**2 - 8. Let t be h(-6). Let a = t - -87. Suppose -5*c + 130 + a = 0. List the prime factors of c.
7
Let r(t) = -2*t**2 + 38*t + 70. Let i be r(22). Let j = 179 + -87. Let s = j + i. What are the prime factors of s?
2, 3, 5
Let j(z) = -z**2 - 5*z + 7. Let r be j(-5). Let i be 4/(-14) + 2/r. Suppose 0 = -p - i*p + 55. List the prime factors of p.
5, 11
Let h = 1045 - 301. List the prime factors of h.
2, 3, 31
Let k be (0 - 0)/(-4) - -1. Let t(v) = 121*v**3 - 2*v**2 + 2. List the prime factors of t(k).
11
Let y = -2837 + 4169. What are the prime factors of y?
2, 3, 37
Let s = 3 - -2. Suppose s*q - 4*n + 61 = 464, 0 = 3*n - 9. List the prime factors of q.
83
Suppose -2*x - 1585 = -7*x. What are the prime factors of x?
317
Suppose -4*z = -u + 35, -2*u - 6 = 5*z - 24. Let q(n) = -n**2 + 9*n - 4. Let s be q(5). Let v = u - s. What are the prime factors of v?
3
Suppose -i = u - 8, -5*i = -0*i - u - 22. Suppose 5*z - 4*o = 358 + 267, -z = -i*o - 146. List the prime factors of z.
11
Let g = 215 - -38. List the prime factors of g.
11, 23
Let f(d) = 2*d**2 + 2*d - 8. Let n(t) = -3*t**2 - 3*t + 8. Let l(g) = -4*f(g) - 3*n(g). List the prime factors of l(-5).
2, 7
Suppose 0 = 2*r + 2*h + h - 886, 4*r + 2*h - 1780 = 0. List the prime factors of r.
2, 223
Suppose -6 = -3*b, -4*b - 23 = 2*j - 1. What are the prime factors of (-5)/j + (-340)/(-6)?
3, 19
Let i = 614 + -152. List the prime factors of i.
2, 3, 7, 11
Let s(t) = t + 2. Let z be s(2). Let m = 4 - z. Suppose m = 5*n - n + 4*u - 100, 63 = 3*n - u. List the prime factors of n.
2, 11
Let s(x) = x - 2. Let o be s(5). Suppose 6*b - 156 = o*b. Suppose -5*j - 7 = -b. List the prime factors of j.
3
Let x(l) = -424*l**3 - l**2 + l + 2. Let w be x(-1). Suppose 13*u + w - 4129 = 0. List the prime factors of u.
3, 5, 19
Let a(h) be the third derivative of h**5/30 - 5*h**4/3 - 5*h**3/2 + 5*h**2. List the prime factors of a(24).
3, 59
Let f = 412 + -207. List the prime factors of f.
5, 41
List the prime factors of ((-5)/50*-8)/(8/7360).
2, 23
Let p(y) = -y**3 - 41*y**2 + 55*y - 149. List the prime factors of p(-43).
2, 37
Suppose 39*n = 10437 + 20646. List the prime factors of n.
797
Let n(i) = 275*i**2 + 22*i - 73. What are the prime factors of n(4)?
5, 883
Let l(n) be the first derivative of -3 - 1 + 9*n - n**2 + 0*n**2 + 0. List the prime factors of l(0).
3
Suppose p + 3*m - 12 = 0, 2*m - 6*m = -5*p + 41. Let v = 1 + -2. What are the prime factors of (9 - p) + (-4)/v?
2
Suppose 15*z = 11*z + 2212. Suppose 35 = -3*i - z. List the prime factors of i/(-35)*(-1 - -11).
2, 7
Let i = -28 + -49. Let t be ((-8)/10)/((-10)/(-75)). List the prime factors of t/15 + i/(-5).
3, 5
Suppose -4*n = 5*s - 8, s + 3 = -n + 4. Suppose -20 = -2*b + k, s*k + k - 30 = -3*b. Let c = 17 + b. List the prime factors of c.
3
Let n(r) = r**3 - 10*r**2 - r + 6. Let a be n(11). Let c be (6/(-4))/((-9)/(-12)) + -78. Let w = c + a. List the prime factors of w.
2, 3
Let s(q) = -3*q**3 + q**2 - 1. Let m be s(1). Let u = -1 - m. Suppose w + 4*w = u*v + 339, 2*w - v - 136 = 0. What are the prime factors of w?
67
Suppose 5*o - 4*g - 827 = 188, 812 = 4*o + 5*g. Suppose -3*y = 2*q - o - 26, 2*y = q + 155. List the prime factors of y.
7, 11
List the prime factors of (-17)/136 + 9867/24.
3, 137
List the prime factors of 45/225 + 6954/5.
13, 107
List the prime factors of 2/(0 + -3 + 2504/832).
2, 13
Suppose 2*b - 2 = -3*u + 1, b - 3*u - 6 = 0. Suppose 0 = b*d + 4*d - 735. List the prime factors of d.
3, 5, 7
Let b be 12026/49 + (-6)/14. Suppose b = 2*h + 3*h. Suppose 0 = 2*v + 2*o - 10, 5*v + 2*o - h + 12 = 0. List the prime factors of v.
3
Let a(g) be the second derivative of g**3/2 + 3*g**2/2 + 8*g. Suppose 2*z - z = 6. List the prime factors of a(z).
3, 7
Let k be 5 + -3 + 0 - -32. Let r = k - 7. List the prime factors of r.
3
Let o(j) = 43*j - 6. Let i be o(17). Suppose -4*p + p + i = 4*f, 4*p - 2*f = 974. What are the prime factors of p?
3
Suppose 2*i + 65 = 3*i + 3*q, -3*i + q + 245 = 0. Let r = 7 + i. What are the prime factors of r?
3, 29
Suppose -5*p + 13375 = -2*k, 3*p - k = 4429 + 3597. List the prime factors of p.
2677
Suppose 221 = 8*w - 531. What are the prime factors of w?
2, 47
Let i(k) = -17*k - 6. Let s(y) be the first derivative of y**4/4 - 3*y**3 - 9*y**2/2 - 14*y - 9. Let m be s(10). List the prime factors of i(m).
2, 31
Suppose -4*q + 2 = -3*q. Suppose -2 = -4*m - q*b, 5*m - 4*b = 2*m + 29. List the prime factors of m.
3
Suppose 0*q - q - 3*s + 757 = 0, -4*s + 755 = q. List the prime factors of q.
7, 109
Suppose 3*a + 44 = -58. Let k = a + 49. What are the prime factors of k?
3, 5
Let j = -26 - -23. List the prime factors of 8/12*j - (-111 - -2).
107
Suppose 0 = -2*f + 200 + 154. Let p = f + -101. List the prime factors of p.
2, 19
Suppose -7*s + 2520 = s. What are the prime factors of s?
3, 5, 7
Let d = 17 - 15. Suppose g + 1 = d*g. Suppose -k - 5*w + g = -4, 5*k - 25 = -3*w. What are the prime factors of k?
5
Let r = -179 + 124. Let d = r - -86. What are the prime factors of d?
31
Let b = 40 - 28. Let k = 34 - b. List the prime factors of k.
2, 11
Suppose -32*x = -33*x. Suppose x = -h - 5*o + 80, 0 = -3*h - 4*o + 37 + 159. What are the prime factors of h?
2, 3, 5
Let f = 2 + -1842. List the prime factors of (-4)/(-10) + f/(-25).
2, 37
Let q be (-3)/(((-18)/914)/3). Suppose -3*f = -5*f + 4*w + 278, -3*f - 4*w + q = 0. What are the prime fact